the units digit of s?
1
Suppose -33 = -w + 5*x - 8, -5*w = -4*x - 20. Suppose -2 = y, -2*l + 2*y - 3*y + 44 = w. What is the tens digit of l?
2
Let p = 4 - -56. What is the tens digit of p?
6
Let f = -127 - -335. What is the tens digit of f?
0
Let s = 16 - 14. Suppose 3*d + 3*u = 6, 0*u = u + s. What is the units digit of d?
4
Let j = 9 + -2. Let m = -4 + j. What is the units digit of (8 - 1)*m/3?
7
Let x(s) = -2*s**2 + 2*s + 3. Let o be x(-2). Let p be 12/o*-3 + -2. Suppose -3*q = 2*v - 13, -5*v = -p*q + 22 - 7. What is the units digit of q?
5
Let x = 4 + -4. Suppose 28 = -x*s + s. What is the units digit of s?
8
Let b = 206 - 108. What is the tens digit of b?
9
Let k(s) = -s**3 + 5*s**2 + 7*s - 5. Let v be k(6). Suppose -8 = 4*c, -5*c + v = 3*m - 1. What is the units digit of m?
4
Let v = 1 + 22. What is the tens digit of v?
2
Let n(t) = -84*t + 5. What is the tens digit of n(-4)?
4
What is the tens digit of -8 + 9 + (0 - -31)?
3
Let l = 16 - -3. Suppose -2*p + l = -21. What is the tens digit of p?
2
Let o(k) = -k**3 + 2*k**2 + 3*k + 2. Let f be o(3). Suppose -2*s + f = 2*u, -u - 2 = -3*u - 5*s. What is the units digit of u?
1
Let u(o) = 3*o**2 + 1. Let c be (2/(-4))/((-5)/10). Let y be u(c). What is the units digit of ((-1)/(-2))/(y/72)?
9
Let f(l) be the third derivative of -1/6*l**3 - l**2 + 0*l + 0 + 1/4*l**4. What is the units digit of f(1)?
5
Suppose 2*x + 20 = -4*n + 6*x, 0 = -3*n + x - 9. Let j(c) = c**3 + 3*c**2 - 2*c. Let u be j(n). Suppose -u + 2 = -2*s. What is the units digit of s?
3
Let x(y) = 8 - y + 12 + 2*y - 8. What is the units digit of x(-7)?
5
Let r be ((-16)/10)/((-1)/5). Let l(u) = u**2 - 8*u + 8. What is the units digit of l(r)?
8
Suppose -4*p + 3 = -p. Suppose 2*o - 11 - 5 = 0. Let m = o + p. What is the units digit of m?
9
Let a be (-4)/(-16) + 11/4. Suppose -a*y - 27 = -0*y. Let j = -4 - y. What is the units digit of j?
5
What is the tens digit of (76/5)/((-6)/(-15))?
3
Let m(t) = -2*t + 1. Let a = 5 + -9. Let l be m(a). Let c = l + -6. What is the units digit of c?
3
Suppose 7*m - 5*m - 4*u - 830 = 0, m - 5*u - 424 = 0. What is the tens digit of m?
0
What is the units digit of (174 - 24)/(2 + -2 + 2)?
5
Let p = 22 + -14. What is the units digit of p?
8
What is the units digit of (-5)/((-20)/8) + 44?
6
Let r(b) = b + 7. Let g be r(-5). What is the units digit of (-114)/(-5) - g/(-10)?
3
Let u(x) be the second derivative of -x**4/12 + 7*x**3/6 - 3*x**2/2 + x. Suppose -8 = 3*b - 26. What is the units digit of u(b)?
3
Let u = -46 + 68. What is the tens digit of u?
2
Let r = 16 + -14. What is the units digit of (-3)/(-1) + (r - -1)?
6
Suppose -969 = -11*z + 8*z. What is the tens digit of z?
2
Let t be 1*15*(-12)/(-10). Let f(u) = -u**3 + u - 1. Let c be f(1). What is the units digit of 51/t - c/6?
3
Let k(u) = -29*u + 6. What is the tens digit of k(-5)?
5
Let n(k) = k**3 + 4*k - 5. Let r(w) = w**2 + w. Let o(c) = -n(c) + 5*r(c). What is the units digit of o(5)?
0
Let x(a) = a**2 - 9*a - 40. What is the hundreds digit of x(22)?
2
Suppose -17 = -w - 3*a, 2*w + 13 = 5*a + 3. Let z = 0 + w. What is the units digit of z?
5
Let m be ((-5)/(-10))/(1/(-10)). Let j = -4 - m. What is the units digit of (3/5)/(j/5)?
3
Let z(x) = x + 15. What is the units digit of z(-8)?
7
Suppose z - 5 = 4*b - 6*b, 8 = b - 5*z. Suppose -3*t + 4 = 2*q - t, 10 = b*q - t. Suppose q*f = 7*f - 4. What is the units digit of f?
1
Let p(j) = j**3 + 9*j**2 + 9*j + 8. Let a be p(-8). Suppose 0 = -a*i - 2*i + 8. Suppose 5*n = 2*n + k + 23, 0 = n + i*k - 12. What is the units digit of n?
8
Suppose 0*f - 2*f = -2*j, f = -5*j + 18. Let h(x) be the second derivative of x**3/3 + x. What is the units digit of h(j)?
6
What is the tens digit of (2/(-6))/((-316)/312 + 1)?
2
Let p = 0 + 4. Suppose 0 = -3*i + p*i - 1. Let r(h) = h. What is the units digit of r(i)?
1
Suppose -9 = -3*k - g - 0, -4*g - 9 = -3*k. Let c(o) = -3 + 1 - o**2 + 5*o - 2. What is the units digit of c(k)?
2
Suppose -4*o = -w + 43, -6*o + 3*o + 9 = 0. What is the units digit of w?
5
Suppose 3*x - 2*y - 80 = -0*x, y = -4*x + 125. What is the units digit of x?
0
Suppose 0 = 2*n - 2 - 2. Suppose n*y + 4 = 4*y. Suppose 2*r - 10 = 2*a, y = a - 1. What is the units digit of r?
8
Suppose -2*h = -0*n - n - 52, 4*h - 4*n - 112 = 0. What is the units digit of h?
4
Let y(v) be the third derivative of v**4/24 - v**3/2 + 2*v**2. Let g be y(4). Let t(i) = 13*i**3 - i**2 + 2*i - 1. What is the tens digit of t(g)?
1
What is the units digit of -2 + -1 + (101 + -1 - -1)?
8
Let u(c) = -c**2 - 4*c. Let f(o) = o + 6. Let t be f(-5). Let l = -3 + t. What is the units digit of u(l)?
4
Suppose 2*x + x = 18. Suppose p = 3*c + 15 - 2, 0 = 3*c + x. What is the units digit of p?
7
Suppose -122 = 2*g - 3*g + 4*o, o = 0. What is the tens digit of g?
2
Let s(b) = -21*b - 3. What is the tens digit of s(-7)?
4
Let w = 4 + 0. Suppose 2*i - 5*o - 11 = 0, w - 1 = -3*o. What is the units digit of i?
3
Suppose -8*v - 2*d = -3*v - 12, -7 = -4*v + d. Let k = 2 - v. Suppose -4*r + 10 = b, r + k*b = b. What is the units digit of r?
2
Let h(n) be the third derivative of n**4/12 + 2*n**3/3 + n**2. What is the tens digit of h(10)?
2
Let v be 4*2/6*-3. What is the units digit of 3 - (2 + v + 3)?
2
Let r be (-26)/(-6)*(-12)/(-4). Suppose -4*m = o - r, 4*o - o = 15. Suppose -m*f - 3*t + 6 = 3*f, 3*t = 4*f - 21. What is the units digit of f?
3
Let t(d) = d**2 + 5*d + 3. Let q be t(-4). Suppose 4*s + 8 + 28 = 0. Let p = q - s. What is the units digit of p?
8
Let l(v) = -v**2 + 9*v + 2. Let h be l(9). Suppose 10 = f + 4*a, 3*f - h*a - a - 60 = 0. What is the tens digit of f?
1
Let m = 3 - 0. Suppose -m*b - f = -2*b - 2, 5*b - 1 = 4*f. What is the units digit of 3*b/((-3)/(-5))?
5
Suppose -f + 5*f - 2 = -3*y, 5*f + 4*y = 2. Suppose -f*z - z = -36. What is the tens digit of z?
1
Let n(t) = -t**3 + t**2 + t - 4. Let a be n(-3). Suppose 2*u + 5*d - a = 0, 0 = u - 6*u - 2*d + 125. What is the units digit of u?
7
Let c be -1*5 + 0 - 1. Let d = 10 + c. What is the units digit of d?
4
Suppose -3*b + 6*b + z = 5, b = 4*z - 20. Suppose -3*t = h - b*h - 21, 33 = 5*h - 3*t. What is the units digit of h?
9
Let j(w) = -11*w - 2. Let z(o) = -4*o - 1. Let v(f) = 3*j(f) - 8*z(f). What is the units digit of v(-6)?
8
Let v(c) be the second derivative of -c**6/360 + 3*c**5/40 - c**4/4 + c**3/6 - 2*c. Let f(r) be the second derivative of v(r). What is the tens digit of f(6)?
1
Suppose 3*n + 39 = 5*o, -n - 3 = 2*o + 4*n. Let x(q) be the first derivative of -q**4/4 + 7*q**3/3 - 5*q**2/2 - q - 3. What is the units digit of x(o)?
5
Let o(w) = w + 11. Suppose -60 = -5*q - 5*d, -d - d = -4. What is the tens digit of o(q)?
2
What is the hundreds digit of 270/12*(-28)/(-5)?
1
Let k(c) = 12*c + 1. What is the units digit of k(5)?
1
Suppose -3*w - w = -136. Let z = w + -24. What is the units digit of z?
0
Let f(u) be the third derivative of u**6/120 + u**5/30 - u**4/12 - u**3/3 + u**2. Let k be f(2). What is the units digit of (k/(-15))/(4/(-42))?
7
Let t = 105 + -42. What is the tens digit of t?
6
What is the units digit of (597/(-6) - 1)/(1/(-2))?
1
Let y be (-116)/(-6) - (-1)/(-3). Let u = 32 - y. What is the tens digit of u?
1
Let i = -4 - -2. Let z be 0/i - 42/(-3). Suppose u = -u + z. What is the units digit of u?
7
Let b(n) = -n**3 + 1. Let l(c) = -3*c**3 - 6*c**2 - c + 3. Let v(i) = 4*b(i) - l(i). Let a be -6*((-6)/(-2))/(-3). What is the units digit of v(a)?
7
Let o(p) = -p + 1. Let h be o(-3). Suppose h*m = m + g + 24, 16 = 4*m + 4*g. Suppose m*a - 6 = 4*a. What is the units digit of a?
2
Let z = 53 + -40. What is the units digit of z?
3
Let v(l) = l**3 + l + 18. Let b be v(0). Suppose -r + 4*r = -2*w + 7, 0 = -2*r + 2*w + b. What is the units digit of r?
5
Suppose 23*s - 145 = 18*s. What is the tens digit of s?
2
Let c = -4 + 23. Let u = c - -24. Let s = u - 31. What is the units digit of s?
2
Suppose -5*z - 10 = -5*i, i + 3*i = -2*z + 14. Let c be (-75)/(-9) - (-6)/9. Let a = c - i. What is the units digit of a?
6
Let u(w) = 8*w - 20. What is the units digit of u(7)?
6
Suppose w = 12 - 9. Suppose 0 = w*r - d - 72, -12 = -5*d + d. What is the units digit of r?
5
Let f = -153 + 202. What is the tens digit of f?
4
Suppose 3*v + 9 = 4*v - 4*f, 0 = -5*f. Let a = 15 